{"id":1122,"date":"2025-07-08T02:00:29","date_gmt":"2025-07-08T00:00:29","guid":{"rendered":"http:\/\/projekt.griesfeld.it.dd6128.kasserver.com\/dienstleistungen\/daueraufnahme-fuer-menschen-mit-demenz\/"},"modified":"2025-07-22T09:26:23","modified_gmt":"2025-07-22T07:26:23","slug":"ammissione-indeterminata-con-demenza","status":"publish","type":"dienstleistungen","link":"https:\/\/www.griesfeld.it\/it\/dienstleistungen\/ammissione-indeterminata-con-demenza\/","title":{"rendered":"Ammissione indeterminata con demenza"},"content":{"rendered":"<p>Le persone anziane affette da demenza hanno particolari bisogni ed esigenze. Una coabitazione consente anche a persone affette da demenza di vivere una quotidianit\u00e0 il pi\u00f9 possibile normale. \u00c8 cura dei nostri dipendenti sforzarsi di accompagnare tali residenti nel loro mondo, tenendosi sul loro piano emotivo, in un ambiente tranquillo e protetto.<\/p>\n","protected":false},"featured_media":0,"template":"","meta":{"_acf_changed":false,"inline_featured_image":false},"class_list":["post-1122","dienstleistungen","type-dienstleistungen","status-publish","hentry"],"acf":[],"yoast_head":"<!-- This site is optimized with the Yoast SEO plugin v25.6 - https:\/\/yoast.com\/wordpress\/plugins\/seo\/ -->\n<title>Ammissione indeterminata con demenza - Stiftung Griesfeld<\/title>\n<meta name=\"robots\" content=\"index, follow, max-snippet:-1, max-image-preview:large, max-video-preview:-1\" \/>\n<link rel=\"canonical\" href=\"https:\/\/www.griesfeld.it\/it\/dienstleistungen\/ammissione-indeterminata-con-demenza\/\" \/>\n<meta property=\"og:locale\" content=\"it_IT\" \/>\n<meta property=\"og:type\" content=\"article\" \/>\n<meta property=\"og:title\" content=\"Ammissione indeterminata con demenza - Stiftung Griesfeld\" \/>\n<meta property=\"og:description\" content=\"Le persone anziane affette da demenza hanno particolari bisogni ed esigenze. Una coabitazione consente anche a persone affette da demenza di vivere una quotidianit\u00e0 il pi\u00f9 possibile normale. \u00c8 cura dei nostri dipendenti sforzarsi di accompagnare tali residenti nel loro mondo, tenendosi sul loro piano emotivo, in un ambiente tranquillo e protetto.\" \/>\n<meta property=\"og:url\" content=\"https:\/\/www.griesfeld.it\/it\/dienstleistungen\/ammissione-indeterminata-con-demenza\/\" \/>\n<meta property=\"og:site_name\" content=\"Stiftung Griesfeld\" \/>\n<meta property=\"article:publisher\" content=\"https:\/\/www.facebook.com\/griesfeld.it\" \/>\n<meta property=\"article:modified_time\" content=\"2025-07-22T07:26:23+00:00\" \/>\n<meta name=\"twitter:card\" content=\"summary_large_image\" \/>\n<meta name=\"twitter:label1\" content=\"Tempo di lettura stimato\" \/>\n\t<meta name=\"twitter:data1\" content=\"1 minuto\" \/>\n<script type=\"application\/ld+json\" class=\"yoast-schema-graph\">{\"@context\":\"https:\/\/schema.org\",\"@graph\":[{\"@type\":\"WebPage\",\"@id\":\"https:\/\/www.griesfeld.it\/it\/dienstleistungen\/ammissione-indeterminata-con-demenza\/\",\"url\":\"https:\/\/www.griesfeld.it\/it\/dienstleistungen\/ammissione-indeterminata-con-demenza\/\",\"name\":\"Ammissione indeterminata con demenza - Stiftung Griesfeld\",\"isPartOf\":{\"@id\":\"https:\/\/www.griesfeld.it\/it\/#website\"},\"datePublished\":\"2025-07-08T00:00:29+00:00\",\"dateModified\":\"2025-07-22T07:26:23+00:00\",\"breadcrumb\":{\"@id\":\"https:\/\/www.griesfeld.it\/it\/dienstleistungen\/ammissione-indeterminata-con-demenza\/#breadcrumb\"},\"inLanguage\":\"it-IT\",\"potentialAction\":[{\"@type\":\"ReadAction\",\"target\":[\"https:\/\/www.griesfeld.it\/it\/dienstleistungen\/ammissione-indeterminata-con-demenza\/\"]}]},{\"@type\":\"BreadcrumbList\",\"@id\":\"https:\/\/www.griesfeld.it\/it\/dienstleistungen\/ammissione-indeterminata-con-demenza\/#breadcrumb\",\"itemListElement\":[{\"@type\":\"ListItem\",\"position\":1,\"name\":\"Startseite\",\"item\":\"https:\/\/www.griesfeld.it\/it\/home\/\"},{\"@type\":\"ListItem\",\"position\":2,\"name\":\"Ammissione indeterminata con demenza\"}]},{\"@type\":\"WebSite\",\"@id\":\"https:\/\/www.griesfeld.it\/it\/#website\",\"url\":\"https:\/\/www.griesfeld.it\/it\/\",\"name\":\"Stiftung Griesfeld\",\"description\":\"\",\"publisher\":{\"@id\":\"https:\/\/www.griesfeld.it\/it\/#organization\"},\"potentialAction\":[{\"@type\":\"SearchAction\",\"target\":{\"@type\":\"EntryPoint\",\"urlTemplate\":\"https:\/\/www.griesfeld.it\/it\/?s={search_term_string}\"},\"query-input\":{\"@type\":\"PropertyValueSpecification\",\"valueRequired\":true,\"valueName\":\"search_term_string\"}}],\"inLanguage\":\"it-IT\"},{\"@type\":\"Organization\",\"@id\":\"https:\/\/www.griesfeld.it\/it\/#organization\",\"name\":\"Stiftung Griesfeld\",\"url\":\"https:\/\/www.griesfeld.it\/it\/\",\"logo\":{\"@type\":\"ImageObject\",\"inLanguage\":\"it-IT\",\"@id\":\"https:\/\/www.griesfeld.it\/it\/#\/schema\/logo\/image\/\",\"url\":\"https:\/\/www.griesfeld.it\/wp-content\/uploads\/Logo.svg\",\"contentUrl\":\"https:\/\/www.griesfeld.it\/wp-content\/uploads\/Logo.svg\",\"width\":\"1024\",\"height\":\"1024\",\"caption\":\"Stiftung Griesfeld\"},\"image\":{\"@id\":\"https:\/\/www.griesfeld.it\/it\/#\/schema\/logo\/image\/\"},\"sameAs\":[\"https:\/\/www.facebook.com\/griesfeld.it\"]}]}<\/script>\n<!-- \/ Yoast SEO plugin. -->","yoast_head_json":{"title":"Ammissione indeterminata con demenza - Stiftung Griesfeld","robots":{"index":"index","follow":"follow","max-snippet":"max-snippet:-1","max-image-preview":"max-image-preview:large","max-video-preview":"max-video-preview:-1"},"canonical":"https:\/\/www.griesfeld.it\/it\/dienstleistungen\/ammissione-indeterminata-con-demenza\/","og_locale":"it_IT","og_type":"article","og_title":"Ammissione indeterminata con demenza - Stiftung Griesfeld","og_description":"Le persone anziane affette da demenza hanno particolari bisogni ed esigenze. Una coabitazione consente anche a persone affette da demenza di vivere una quotidianit\u00e0 il pi\u00f9 possibile normale. \u00c8 cura dei nostri dipendenti sforzarsi di accompagnare tali residenti nel loro mondo, tenendosi sul loro piano emotivo, in un ambiente tranquillo e protetto.","og_url":"https:\/\/www.griesfeld.it\/it\/dienstleistungen\/ammissione-indeterminata-con-demenza\/","og_site_name":"Stiftung Griesfeld","article_publisher":"https:\/\/www.facebook.com\/griesfeld.it","article_modified_time":"2025-07-22T07:26:23+00:00","twitter_card":"summary_large_image","twitter_misc":{"Tempo di lettura stimato":"1 minuto"},"schema":{"@context":"https:\/\/schema.org","@graph":[{"@type":"WebPage","@id":"https:\/\/www.griesfeld.it\/it\/dienstleistungen\/ammissione-indeterminata-con-demenza\/","url":"https:\/\/www.griesfeld.it\/it\/dienstleistungen\/ammissione-indeterminata-con-demenza\/","name":"Ammissione indeterminata con demenza - Stiftung Griesfeld","isPartOf":{"@id":"https:\/\/www.griesfeld.it\/it\/#website"},"datePublished":"2025-07-08T00:00:29+00:00","dateModified":"2025-07-22T07:26:23+00:00","breadcrumb":{"@id":"https:\/\/www.griesfeld.it\/it\/dienstleistungen\/ammissione-indeterminata-con-demenza\/#breadcrumb"},"inLanguage":"it-IT","potentialAction":[{"@type":"ReadAction","target":["https:\/\/www.griesfeld.it\/it\/dienstleistungen\/ammissione-indeterminata-con-demenza\/"]}]},{"@type":"BreadcrumbList","@id":"https:\/\/www.griesfeld.it\/it\/dienstleistungen\/ammissione-indeterminata-con-demenza\/#breadcrumb","itemListElement":[{"@type":"ListItem","position":1,"name":"Startseite","item":"https:\/\/www.griesfeld.it\/it\/home\/"},{"@type":"ListItem","position":2,"name":"Ammissione indeterminata con demenza"}]},{"@type":"WebSite","@id":"https:\/\/www.griesfeld.it\/it\/#website","url":"https:\/\/www.griesfeld.it\/it\/","name":"Stiftung Griesfeld","description":"","publisher":{"@id":"https:\/\/www.griesfeld.it\/it\/#organization"},"potentialAction":[{"@type":"SearchAction","target":{"@type":"EntryPoint","urlTemplate":"https:\/\/www.griesfeld.it\/it\/?s={search_term_string}"},"query-input":{"@type":"PropertyValueSpecification","valueRequired":true,"valueName":"search_term_string"}}],"inLanguage":"it-IT"},{"@type":"Organization","@id":"https:\/\/www.griesfeld.it\/it\/#organization","name":"Stiftung Griesfeld","url":"https:\/\/www.griesfeld.it\/it\/","logo":{"@type":"ImageObject","inLanguage":"it-IT","@id":"https:\/\/www.griesfeld.it\/it\/#\/schema\/logo\/image\/","url":"https:\/\/www.griesfeld.it\/wp-content\/uploads\/Logo.svg","contentUrl":"https:\/\/www.griesfeld.it\/wp-content\/uploads\/Logo.svg","width":"1024","height":"1024","caption":"Stiftung Griesfeld"},"image":{"@id":"https:\/\/www.griesfeld.it\/it\/#\/schema\/logo\/image\/"},"sameAs":["https:\/\/www.facebook.com\/griesfeld.it"]}]}},"_links":{"self":[{"href":"https:\/\/www.griesfeld.it\/it\/wp-json\/wp\/v2\/dienstleistungen\/1122","targetHints":{"allow":["GET"]}}],"collection":[{"href":"https:\/\/www.griesfeld.it\/it\/wp-json\/wp\/v2\/dienstleistungen"}],"about":[{"href":"https:\/\/www.griesfeld.it\/it\/wp-json\/wp\/v2\/types\/dienstleistungen"}],"wp:attachment":[{"href":"https:\/\/www.griesfeld.it\/it\/wp-json\/wp\/v2\/media?parent=1122"}],"curies":[{"name":"wp","href":"https:\/\/api.w.org\/{rel}","templated":true}]}}

<p>Le persone anziane affette da demenza hanno particolari bisogni ed esigenze. Una coabitazione consente anche a persone affette da demenza di vivere una quotidianità il più possibile normale. È cura dei nostri dipendenti sforzarsi di accompagnare tali residenti nel loro mondo, tenendosi sul loro piano emotivo, in un ambiente tranquillo e protetto.</p>

<!-- This site is optimized with the Yoast SEO plugin v25.6 - https://yoast.com/wordpress/plugins/seo/ -->
<title>Ammissione indeterminata con demenza - Stiftung Griesfeld</title>
<meta name="robots" content="index, follow, max-snippet:-1, max-image-preview:large, max-video-preview:-1" />
<link rel="canonical" href="https://www.griesfeld.it/it/dienstleistungen/ammissione-indeterminata-con-demenza/" />
<meta property="og:locale" content="it_IT" />
<meta property="og:type" content="article" />
<meta property="og:title" content="Ammissione indeterminata con demenza - Stiftung Griesfeld" />
<meta property="og:description" content="Le persone anziane affette da demenza hanno particolari bisogni ed esigenze. Una coabitazione consente anche a persone affette da demenza di vivere una quotidianità il più possibile normale. È cura dei nostri dipendenti sforzarsi di accompagnare tali residenti nel loro mondo, tenendosi sul loro piano emotivo, in un ambiente tranquillo e protetto." />
<meta property="og:url" content="https://www.griesfeld.it/it/dienstleistungen/ammissione-indeterminata-con-demenza/" />
<meta property="og:site_name" content="Stiftung Griesfeld" />
<meta property="article:publisher" content="https://www.facebook.com/griesfeld.it" />
<meta property="article:modified_time" content="2025-07-22T07:26:23+00:00" />
<meta name="twitter:card" content="summary_large_image" />
<meta name="twitter:label1" content="Tempo di lettura stimato" />
	<meta name="twitter:data1" content="1 minuto" />
<script type="application/ld+json" class="yoast-schema-graph">{"@context":"https://schema.org","@graph":[{"@type":"WebPage","@id":"https://www.griesfeld.it/it/dienstleistungen/ammissione-indeterminata-con-demenza/","url":"https://www.griesfeld.it/it/dienstleistungen/ammissione-indeterminata-con-demenza/","name":"Ammissione indeterminata con demenza - Stiftung Griesfeld","isPartOf":{"@id":"https://www.griesfeld.it/it/#website"},"datePublished":"2025-07-08T00:00:29+00:00","dateModified":"2025-07-22T07:26:23+00:00","breadcrumb":{"@id":"https://www.griesfeld.it/it/dienstleistungen/ammissione-indeterminata-con-demenza/#breadcrumb"},"inLanguage":"it-IT","potentialAction":[{"@type":"ReadAction","target":["https://www.griesfeld.it/it/dienstleistungen/ammissione-indeterminata-con-demenza/"]}]},{"@type":"BreadcrumbList","@id":"https://www.griesfeld.it/it/dienstleistungen/ammissione-indeterminata-con-demenza/#breadcrumb","itemListElement":[{"@type":"ListItem","position":1,"name":"Startseite","item":"https://www.griesfeld.it/it/home/"},{"@type":"ListItem","position":2,"name":"Ammissione indeterminata con demenza"}]},{"@type":"WebSite","@id":"https://www.griesfeld.it/it/#website","url":"https://www.griesfeld.it/it/","name":"Stiftung Griesfeld","description":"","publisher":{"@id":"https://www.griesfeld.it/it/#organization"},"potentialAction":[{"@type":"SearchAction","target":{"@type":"EntryPoint","urlTemplate":"https://www.griesfeld.it/it/?s={search_term_string}"},"query-input":{"@type":"PropertyValueSpecification","valueRequired":true,"valueName":"search_term_string"}}],"inLanguage":"it-IT"},{"@type":"Organization","@id":"https://www.griesfeld.it/it/#organization","name":"Stiftung Griesfeld","url":"https://www.griesfeld.it/it/","logo":{"@type":"ImageObject","inLanguage":"it-IT","@id":"https://www.griesfeld.it/it/#/schema/logo/image/","url":"https://www.griesfeld.it/wp-content/uploads/Logo.svg","contentUrl":"https://www.griesfeld.it/wp-content/uploads/Logo.svg","width":"1024","height":"1024","caption":"Stiftung Griesfeld"},"image":{"@id":"https://www.griesfeld.it/it/#/schema/logo/image/"},"sameAs":["https://www.facebook.com/griesfeld.it"]}]}</script>
<!-- / Yoast SEO plugin. -->

Le persone anziane affette da demenza hanno particolari bisogni ed esigenze. Una coabitazione consente anche a persone affette da demenza di vivere una quotidianità il più possibile normale. È cura dei nostri dipendenti sforzarsi di accompagnare tali residenti nel loro mondo, tenendosi sul loro piano emotivo, in un ambiente tranquillo e protetto.
